uppose 0 = -2*s + 4*s + 5*b - 33, 11 = -s + 3*b. Give a(s).
-7
Suppose -3*q - 4*b = -2*q - 19, -4*b = -4*q - 4. Suppose -23 = -3*z - 5*s, q*z = z + s - 2. Let i = z + -4. Let g(m) = m**3 + 3*m**2 - 2*m - 2. Give g(i).
4
Let n(r) = -r**3 - r**2 + 2. Let l be n(0). Let i(v) = 4 - 4 + l*v + 0. Determine i(-3).
-6
Let m(u) = -u**2 + 5*u - 7. Let v = 29 + -24. Calculate m(v).
-7
Let z(k) = k**3 + 5*k**2 + 2*k + 1. Let a(i) = -7*i + 59. Let l be a(9). What is z(l)?
9
Let w(i) = -i**3 - 3*i**2 + 2*i + 1. Let m = 12 + -6. Let l(s) = 8 + s**2 - 8*s - 2*s**2 + 2*s**2. Let r be l(m). Determine w(r).
9
Let p(x) = -2*x**2 + 5*x - 3. Let f(m) = -m - 7. Let q be f(-6). Let u be 1 - (-1)/(q/(-8)). Suppose -18 = -3*n - u. Calculate p(n).
-6
Let z(m) be the third derivative of -2*m**2 - 1/15*m**5 - 2/3*m**3 + 1/120*m**6 + 0 + 1/24*m**4 + 0*m. Let u = 9 - 5. What is z(u)?
0
Let s(w) = -w**3 + 6*w**2 - 5*w - 5. Let i(d) = d**3 - 7*d**2 + 6*d + 5. Let h(b) = -5*i(b) - 6*s(b). Calculate h(0).
5
Let z(f) = f**2 - 5*f + 2. Let o be (-1 - (-12)/4)*2/2. Determine z(o).
-4
Let x(n) = n**3 - 3*n**2 + 4*n - 3. Let d be x(2). Let g = d - -2. Let m(o) = -2*o**2 + 2*o + 4. Determine m(g).
-8
Let x(d) be the third derivative of -d**5/20 - d**2. Suppose 5*s + 3 + 15 = -2*p, s - 4*p - 14 = 0. Calculate x(s).
-12
Let m(p) be the third derivative of p**4/24 + 17*p**3/6 - 14*p**2. Calculate m(0).
17
Let k(u) = u**2 - 6*u. Let f be k(6). Let s(b) be the first derivative of -1 - 6*b - 1/2*b**2 - 1/3*b**3. Calculate s(f).
-6
Let c(g) = 0*g + 4 - 2*g - 9. Let t(d) = -d**3 + 3*d - 5 + 3 + 1 - d. Let h be t(2). Calculate c(h).
5
Let j(p) = -p + 5. Let n be j(0). Let s = 3 - 6. Let o(i) = 4*i - 4. Let a(g) = -11*g + 11. Let v(k) = s*a(k) - 8*o(k). Calculate v(n).
4
Let v(j) = -4*j - 4 + 6*j**2 - 4*j**3 + 5*j + 3*j**3. Let k be 4/(-6) + (-40)/(-6). Determine v(k).
2
Let r be 0/(-2 - (0 + 1)). Let z(h) = 4 - 5*h**2 + r*h**3 + 5*h - h**3 + 4*h**2. What is z(-3)?
7
Let q = 9 + -5. Let y be 1/(2/10 + 0). Let b(k) = y - 2 + 3*k**2 - q*k**2 - 3*k. Give b(-3).
3
Let h(l) = 2*l + 9. Let n(s) = 3*s - 6. Let t be n(8). Suppose -m - t = 2*m. Determine h(m).
-3
Let p = 12 - 13. Let f be p/(-4)*4 + -3. Let g(i) be the first derivative of -2*i**3/3 + i + 1. Calculate g(f).
-7
Let o(s) = -21*s + 8*s + 11*s. Give o(-2).
4
Let u be (-3 - (-28 - -1))/1. Let y be (2 - 3) + u/4. Let p(m) be the third derivative of m**4/24 - m**3/6 + m**2. Determine p(y).
4
Let d(o) = o**2 - 8*o - 3. Let h(k) = 2*k**2 - 17*k - 5. Let w(r) = -7*d(r) + 3*h(r). Give w(5).
6
Let q(a) be the second derivative of a**8/6720 + a**6/720 - a**5/30 + a**4/6 + 3*a. Let z(g) be the third derivative of q(g). Calculate z(0).
-4
Let s be ((-2 - 1) + 3)/(-1). Let b(x) = -4 + x + s + 0. Let r = 2 + -5. Give b(r).
-7
Let u(t) be the second derivative of 0 + 1/3*t**3 + 4*t + 0*t**2. Give u(-5).
-10
Let f(z) = z**2 + 2*z - 3. Let g(q) = q + 11. Suppose 4*t = 2*t - 18. Let h be g(t). Suppose h*x - 14 = -3*p, -p - 4*x = -6*p - 6. Calculate f(p).
5
Let m(i) = -i**3 - 4*i**2 - 2*i + 3. Let q(v) = 13*v + 1. Let r be q(3). Suppose 5*u + r = -5*a, 5*a = -0*u + u - 22. Calculate m(u).
0
Let f be 1 - (-3 + 0 - -2). Let t be ((-14)/7)/(f/6). Let k(u) = u - 2*u**2 - u**3 - 5*u**2 - 8*u. Calculate k(t).
6
Let i(o) = -o**2 + o. Let v be 10 - (-5 - -3 - -4). Suppose 3*y = -0*y + u - 2, y = -4*u + v. Determine i(y).
0
Let o(p) be the third derivative of p**5/60 - p**4/8 + p**3/2 - p**2. Let b be -4*1*30/24. Let q be (-105)/(-25) - (-1)/b. Give o(q).
7
Let o(q) = 4*q - 16. Let m(s) = -s + 5. Let h(l) = 7*m(l) + 2*o(l). Give h(-5).
-2
Suppose q + 10 = -3*q + 2*y, -4*q = -y + 11. Let h(t) be the second derivative of -2*t**2 - t - 1/3*t**3 - 1/12*t**4 + 0. Give h(q).
-7
Let s(p) be the third derivative of 1/2*p**3 - 1/60*p**5 + 0*p**4 - 4*p**2 + 0 + 0*p. What is s(3)?
-6
Let x be 1*-6*(-24)/(-36). Let w(r) = r**2 + 5*r - 1. Determine w(x).
-5
Let a(x) be the second derivative of -1/12*x**4 + 0 + 1/2*x**2 + x**3 + 2*x. What is a(6)?
1
Let m = -8 + 6. Let r be m/4*(-2 + 4). Let w(d) = d**2 + 1. Determine w(r).
2
Let y = 6 - 1. Let w(m) be the second derivative of m**5/20 - m**4/3 - 2*m**3/3 - m**2/2 + m. Give w(y).
4
Let d(g) = -5*g**2 - g - 4*g**2 + 2*g. What is d(-1)?
-10
Let m be (2 + -4)*(-5)/10. Let r(c) be the third derivative of c**4/8 + c**3/6 - 2*c**2. Calculate r(m).
4
Let d(v) = -4*v**2 + 5*v + 3. Let a(t) = -5*t**2 + 5*t + 3. Let g(f) = 5*a(f) - 6*d(f). Let i(z) be the first derivative of g(z). Calculate i(-4).
3
Suppose -88 = -16*h - 248. Let z(j) = j**3 + 9*j**2 - 11*j - 14. Give z(h).
-4
Let i(h) be the third derivative of -3*h**2 + 0*h + 0 + 1/720*h**6 + 1/8*h**4 + 0*h**3 + 0*h**5. Let s(b) be the second derivative of i(b). What is s(-2)?
-2
Let d(v) = -v + 9. Let q = 37 - 30. Suppose -2 = f - 0*k + 2*k, f = 5*k - 2. Let t = q + f. Calculate d(t).
4
Let l be (-54)/12*(0 + -2). Let r = l - 9. Let h(i) be the first derivative of -i**2/2 - i + 1. What is h(r)?
-1
Let n(j) = j**2 + 6*j - 5. Let f(h) = h**3 - 12*h**2 - 3*h + 30. Let m be f(12). What is n(m)?
-5
Let g(k) = -k**3 + 5*k**2 + 7*k - 3. Let w be g(6). Let t(c) = 5*c**w + c**2 - 5*c**3 - 1 + c**2 - c**3. Determine t(3).
-10
Let t(v) = v + 9. Suppose 4*g = -4*i - 32, -2*g - i - 24 = 3*g. Calculate t(g).
5
Let a(g) = -6*g**3 - 7*g**2 + g - 1. Let v(o) = o**3 + o**2. Let y(f) = -a(f) - 5*v(f). Determine y(-2).
3
Suppose 0 = n - 0 - 4. Let y(h) be the first derivative of 2 - n*h + 1/2*h**2. Give y(5).
1
Suppose 0 = 5*b - 8*b - 3. Let l(q) = 4*q**3 - q**2 + q + 1. Determine l(b).
-5
Let c be (-244)/(-10) + (-9)/(-15). Suppose 0 = -5*y + 3*t + c, -6*t = -4*y - t + 20. Let l(q) = 2*q + 4. What is l(y)?
14
Let m(i) = i**3 - 5*i**2 - 7*i + 9. Let u be m(6). Let g(n) = n + 4. Calculate g(u).
7
Let r(w) = 2*w - 3*w**2 + 2*w**2 - 10 + 10*w. Let u be r(11). Let d(a) = -1 + 0 + 3 + a - u. Determine d(4).
5
Let i(z) = -z**2 - 12*z + 1. Let w(y) = 2*y**2 + 23*y - 1. Let p(q) = -7*i(q) - 4*w(q). Determine p(-8).
-3
Let f(v) be the third derivative of -3*v**4/8 + v**3/2 + 7*v**2. Let x(g) = 17*g - 5. Let w(c) = 7*f(c) + 4*x(c). What is w(3)?
16
Let d(q) = -q**2 + 6*q - 3. Suppose 4*t - 17 - 7 = -4*j, -5*t = -j - 6. What is d(t)?
5
Let y = -34 - -32. Let p(o) = 2*o**2 + 2*o - 2. Determine p(y).
2
Let q(m) be the third derivative of m**5/60 - 5*m**4/24 - 7*m**3/6 - 2*m**2. What is q(7)?
7
Let d(z) = z**3 + z**2 - 2. Let h be (-4)/(-6) - (-20)/15. Give d(h).
10
Let w(y) = 7 - 5*y + 0*y - y**2 - 1. Let p(c) = -2*c**2 - 9*c + 3. Let s(r) = -r**2 - r + 1. Let v(z) = p(z) - 3*s(z). Let f be v(5). What is w(f)?
6
Suppose -14 = -5*f - 4*i, 4*f = -3*i + 18 - 6. Let c(v) = -v**3 + 7*v**2 - 8*v + 6. What is c(f)?
-6
Let n(b) = -2*b - 8. Let i be n(-4). Suppose y - 2*w + 7 = -i*w, -y = 5*w. Let s(a) = -a**3 - 6*a**2 - 2*a + 5. Give s(y).
-10
Let j(t) = -t - 11. Suppose -3*l = 2*r + 12 + 7, -4*r - 3 = l. Calculate j(l).
-4
Let q(g) = -g - 9. Let r be q(-5). Let o be 24/10 + r/10. Let d(m) = -4*m + m**3 - 9*m**2 + 8*m**2 + 2 + 3*m**2. Give d(o).
10
Let o(s) = 2*s + 2. Let t(b) = -b. Let v(n) = -o(n) - t(n). Calculate v(-3).
1
Let w(i) = -11*i + 1. Suppose -27*t - 4 = -31*t. Determine w(t).
-10
Let w(y) be the third derivative of 7*y**5/60 - y**4/12 + y**3/6 - 6*y**2. What is w(1)?
6
Suppose -4*o + 12 = -2*o. Let u(c) be the second derivative of c**3/3 - 7*c**2/2 - 10*c. Calculate u(o).
5
Let b(w) be the first derivative of -1/3*w**3 + 0*w + 3*w**2 + 7. Calculate b(6).
0
Let y(o) = o + 3. Let m be y(3). Let w(p) be the first derivative of p**4/12 - 4*p**3/3 + 7*p**2/2 + p + 3. Let n(x) be the first derivative of w(x). Give n(m).
-5
Let x(y) = y**2 + 4*y - 3. Let j be x(-5). Suppose 0*m = -5*m + 4*z + 7, 16 = 2*m + 5*z. Let u(o) = -o**m + 1 - j*o - o**2 + 0*o**3 - 4. Give u(-2).
5
Suppose -k - 1 = -3. Suppose 3*i = -2*p - 3*p - 19, 10 = -k*p. Let j(w) be the second derivative of -w**5/10 + w**4/3 - w**3/2 + w**2 + w. What is j(i)?
-4
Suppose 3*s = -0*s - 9. Suppose -2*i - 3 = 3*o, o + 2*o - 3 = -4*i. Let d(u) = 0*u - 4*u**2 + 2*u + i*u**2 - u**3 - 4. What is d(s)?
8
Suppose 2*c - 8 = 0, -4*v - 3*c + 4*c + 8 = 0. Let z(g) = v + 4*g**2 - 3*g**2 + 0*g - 6*g - 2*g. Determine z(7).
-4
Let g be 3/(15/(-20)) + -1. Let z(b) = -b**3 -